e the remainder when 34 is divided by 19.
15
What is the remainder when 147 is divided by 15?
12
What is the remainder when 8397 is divided by 37?
35
What is the remainder when 827 is divided by 105?
92
What is the remainder when 232 is divided by 78?
76
Calculate the remainder when 49 is divided by 33.
16
Calculate the remainder when 249 is divided by 25.
24
Calculate the remainder when 3032 is divided by 23.
19
Calculate the remainder when 1518 is divided by 95.
93
What is the remainder when 1542 is divided by 172?
166
Calculate the remainder when 4815 is divided by 371.
363
Calculate the remainder when 827 is divided by 10.
7
What is the remainder when 4310 is divided by 96?
86
What is the remainder when 451 is divided by 65?
61
What is the remainder when 98 is divided by 29?
11
What is the remainder when 84 is divided by 13?
6
What is the remainder when 1639 is divided by 205?
204
What is the remainder when 73 is divided by 41?
32
Calculate the remainder when 555 is divided by 78.
9
What is the remainder when 152 is divided by 16?
8
Calculate the remainder when 642 is divided by 125.
17
Calculate the remainder when 5 is divided by 3.
2
What is the remainder when 316 is divided by 86?
58
What is the remainder when 862 is divided by 54?
52
Calculate the remainder when 52 is divided by 51.
1
What is the remainder when 19169 is divided by 142?
141
Calculate the remainder when 270 is divided by 60.
30
What is the remainder when 784 is divided by 68?
36
Calculate the remainder when 42 is divided by 3.
0
Calculate the remainder when 113 is divided by 35.
8
What is the remainder when 498 is divided by 52?
30
What is the remainder when 1285 is divided by 159?
13
Calculate the remainder when 2144 is divided by 65.
64
What is the remainder when 2844 is divided by 566?
14
Calculate the remainder when 608 is divided by 435.
173
Calculate the remainder when 25 is divided by 10.
5
Calculate the remainder when 1058 is divided by 122.
82
What is the remainder when 381 is divided by 40?
21
Calculate the remainder when 300 is divided by 34.
28
What is the remainder when 9533 is divided by 3173?
14
What is the remainder when 8208 is divided by 23?
20
What is the remainder when 502 is divided by 150?
52
Calculate the remainder when 983 is divided by 141.
137
Calculate the remainder when 479 is divided by 120.
119
Calculate the remainder when 487 is divided by 118.
15
Calculate the remainder when 1028 is divided by 30.
8
What is the remainder when 20 is divided by 3?
2
Calculate the remainder when 93 is divided by 7.
2
Calculate the remainder when 1151 is divided by 36.
35
What is the remainder when 52 is divided by 13?
0
What is the remainder when 14 is divided by 9?
5
Calculate the remainder when 23 is divided by 12.
11
What is the remainder when 198 is divided by 51?
45
Calculate the remainder when 511 is divided by 57.
55
Calculate the remainder when 1552 is divided by 250.
52
Calculate the remainder when 1181 is divided by 388.
17
What is the remainder when 174 is divided by 46?
36
Calculate the remainder when 9105 is divided by 44.
41
What is the remainder when 522 is divided by 21?
18
What is the remainder when 78 is divided by 20?
18
Calculate the remainder when 7660 is divided by 97.
94
What is the remainder when 27672 is divided by 41?
38
Calculate the remainder when 3477 is divided by 166.
157
Calculate the remainder when 152 is divided by 41.
29
What is the remainder when 8150 is divided by 13?
12
What is the remainder when 157 is divided by 78?
1
Calculate the remainder when 566 is divided by 48.
38
Calculate the remainder when 318 is divided by 20.
18
Calculate the remainder when 260 is divided by 3.
2
What is the remainder when 144 is divided by 31?
20
What is the remainder when 428 is divided by 10?
8
Calculate the remainder when 900 is divided by 48.
36
What is the remainder when 487 is divided by 17?
11
Calculate the remainder when 146 is divided by 72.
2
What is the remainder when 481 is divided by 23?
21
Calculate the remainder when 209 is divided by 35.
34
What is the remainder when 311 is divided by 155?
1
Calculate the remainder when 3686 is divided by 246.
242
Calculate the remainder when 1029 is divided by 175.
154
Calculate the remainder when 3199 is divided by 50.
49
What is the remainder when 268 is divided by 46?
38
Calculate the remainder when 128 is divided by 26.
24
Calculate the remainder when 327 is divided by 40.
7
What is the remainder when 769 is divided by 98?
83
What is the remainder when 5308 is divided by 38?
26
What is the remainder when 907 is divided by 899?
8
What is the remainder when 5016 is divided by 279?
273
What is the remainder when 22 is divided by 12?
10
Calculate the remainder when 78 is divided by 12.
6
Calculate the remainder when 165 is divided by 28.
25
Calculate the remainder when 786 is divided by 27.
3
Calculate the remainder when 1042 is divided by 23.
7
What is the remainder when 157 is divided by 66?
25
Calculate the remainder when 3357 is divided by 40.
37
What is the remainder when 146 is divided by 120?
26
What is the remainder when 27 is divided by 15?
12
What is the remainder when 318 is divided by 19?
14
Calculate the remainder when 6388 is divided by 10.
8
What is the remainder when 443 is divided by 88?
3
What is the remainder when 1003 is divided by 331?
10
What is the remainder when 190 is divided by 97?
93
What is the remainder when 39 is divided by 8?
7
What is the remainder when 637 is divided by 85?
42
Calculate the remainder when 2976 is divided by 300.
276
Calculate the remainder when 423 is divided by 119.
66
Calculate the remainder when 751 is divided by 123.
13
What is the remainder when 177 is divided by 5?
2
What is the remainder when 200 is divided by 101?
99
Calculate the remainder when 461 is divided by 139.
44
What is the remainder when 2693 is divided by 11?
9
What is the remainder when 181 is divided by 99?
82
What is the remainder when 756 is divided by 194?
174
What is the remainder when 8914 is divided by 24?
10
Calculate the remainder when 59 is divided by 42.
17
Calculate the remainder when 1091 is divided by 28.
27
Calculate the remainder when 4868 is divided by 143.
6
Calculate the remainder when 313 is divided by 63.
61
Calculate the remainder when 185 is divided by 27.
23
Calculate the remainder when 129 is divided by 19.
15
Calculate the remainder when 5826 is divided by 63.
30
Calculate the remainder when 424 is divided by 50.
24
What is the remainder when 107 is divided by 9?
8
Calculate the remainder when 1256 is divided by 84.
80
What is the remainder when 2677 is divided by 103?
102
What is the remainder when 2779 is divided by 40?
19
Calculate the remainder when 78 is divided by 10.
8
Calculate the remainder when 544 is divided by 185.
174
Calculate the remainder when 527 is divided by 129.
11
What is the remainder when 405 is divided by 179?
47
What is the remainder when 293 is divided by 9?
5
What is the remainder when 94 is divided by 59?
35
What is the remainder when 830 is divided by 15?
5
What is the remainder when 1639 is divided by 33?
22
What is the remainder when 1157 is divided by 47?
29
What is the remainder when 78 is divided by 33?
12
Calculate the remainder when 220 is divided by 31.
3
What is the remainder when 25 is divided by 8?
1
What is the remainder when 163 is divided by 119?
44
What is the remainder when 819 is divided by 132?
27
Calculate the remainder when 348 is divided by 83.
16
What is the remainder when 750 is divided by 334?
82
Calculate the remainder when 45 is divided by 25.
20
Calculate the remainder when 16114 is divided by 55.
54
What is the remainder when 271 is divided by 16?
15
Calculate the remainder when 49 is divided by 22.
5
Calculate the remainder when 184 is divided by 93.
91
Calculate the remainder when 188 is divided by 68.
52
Calculate the remainder when 719 is divided by 193.
140
Calculate the remainder when 8027 is divided by 110.
107
What is the remainder when 574 is divided by 46?
22
What is the remainder when 475 is divided by 20?
15
What is the remainder when 473 is divided by 28?
25
What is the remainder when 25 is divided by 9?
7
Calculate the remainder when 3082 is divided by 6.
4
What is the re